{"id":1088,"date":"2022-05-11T21:17:58","date_gmt":"2022-05-11T21:17:58","guid":{"rendered":"https:\/\/coralpapeleria.cl\/?post_type=product&#038;p=1088"},"modified":"2025-02-09T21:47:36","modified_gmt":"2025-02-09T21:47:36","slug":"set-23-destacadores-stabilo-boss","status":"publish","type":"product","link":"https:\/\/coralpapeleria.cl\/index.php\/product\/set-23-destacadores-stabilo-boss\/","title":{"rendered":"Set 23 Destacadores Stabilo Boss"},"content":{"rendered":"","protected":false},"excerpt":{"rendered":"<p>Destacadores Stabilo Boss Deskset de 23 colores. La colecci\u00f3n m\u00e1s completa de Boss ya est\u00e1 aqu\u00ed, porque celebra su 50 aniversario! Para celebrar su 50 aniversario con estilo, 4 nuevos colores pastel completar\u00e1n la colecci\u00f3n en 2021: naranja p\u00e1lido, fucsia helado, azul ventoso y gris polvoriento.<br data-sanitized-data-mce-fragment=\"1\" \/><br data-sanitized-data-mce-fragment=\"1\" \/>Incluye Deskset exclusivo para mesa.\u00a0Contiene los 23 colores y est\u00e1 hecho de material 100% reciclado y viene en un envase de cart\u00f3n de colores.<\/p>\n<p>Caracteristicas<\/p>\n<ul>\n<li>Tama\u00f1o: 4,5 x 42 x 12 cm.<\/li>\n<li>Material: Polipropileno<\/li>\n<li>Cantidad: 23 destacadores<\/li>\n<li>Terminaci\u00f3n: Punta biselada<\/li>\n<\/ul>\n","protected":false},"featured_media":1091,"comment_status":"open","ping_status":"closed","template":"","meta":{"spay_email":"","_joinchat":[]},"product_cat":[72,195],"product_tag":[225,226,82,174,81,224,76],"class_list":["post-1088","product","type-product","status-publish","has-post-thumbnail","hentry","product_cat-destacadores","product_cat-set-destacadores","product_tag-225","product_tag-bopss","product_tag-boss","product_tag-destacadores","product_tag-pastel","product_tag-set-23","product_tag-stabilo"],"jetpack-related-posts":[{"id":1122,"url":"https:\/\/coralpapeleria.cl\/index.php\/product\/set-6-destacadores-stabilo-boss-pastel\/","url_meta":{"origin":1088,"position":0},"title":"Set 6 Destacadores Stabilo Boss Pastel","date":"20 de febrero de 2023","format":false,"excerpt":"6 destacadores PASTEL BOSS en pack color menta, turquesa, rosa, amarillo, naranjo y lila para resaltar y marcar todo lo que necesites. Mayor duraci\u00f3n y rendimiento con calidad alemana.","rel":"","context":"Entrada similar","img":{"alt_text":"","src":"https:\/\/i0.wp.com\/coralpapeleria.cl\/wp-content\/uploads\/2023\/02\/Diseno-sin-titulo-16.png?resize=350%2C200&ssl=1","width":350,"height":200},"classes":[]},{"id":1038,"url":"https:\/\/coralpapeleria.cl\/index.php\/product\/pack-3-destacadores-boss-pastel-limon-celeste\/","url_meta":{"origin":1088,"position":1},"title":"Pack 3 Destacadores Boss Pastel-Limon-Celeste","date":"18 de abril de 2022","format":false,"excerpt":"3 destacadores Pastel Boss en bl\u00edster color lim\u00f3n, celeste y coral pastel. Para resaltar y marcar todo lo que necesites. Mayor duraci\u00f3n y rendimiento con calidad alemana. Stabilo.","rel":"","context":"Entrada similar","img":{"alt_text":"","src":"https:\/\/i0.wp.com\/coralpapeleria.cl\/wp-content\/uploads\/2022\/04\/caja-metalica-3.jpg?resize=350%2C200&ssl=1","width":350,"height":200},"classes":[]},{"id":582,"url":"https:\/\/coralpapeleria.cl\/index.php\/product\/destacador-stabilo-boss\/","url_meta":{"origin":1088,"position":2},"title":"Destacador Boss Celeste","date":"10 de febrero de 2022","format":false,"excerpt":"","rel":"","context":"Entrada similar","img":{"alt_text":"","src":"https:\/\/i0.wp.com\/coralpapeleria.cl\/wp-content\/uploads\/2022\/02\/stabilo-30.jpg?resize=350%2C200&ssl=1","width":350,"height":200},"classes":[]},{"id":617,"url":"https:\/\/coralpapeleria.cl\/index.php\/product\/destacador-boss-mini-pastel\/","url_meta":{"origin":1088,"position":3},"title":"Destacador Boss Mini Pastel","date":"11 de febrero de 2022","format":false,"excerpt":"El cl\u00e1sico STABILO BOSS en formato mini. Edici\u00f3n en modernos tonos pastel con encantadores dibujos de escritura manual. Calidad STABILO en el acabado, la tinta y el confort de escritura. Puede permanecer abierto mucho tiempo sin secarse.","rel":"","context":"Entrada similar","img":{"alt_text":"","src":"https:\/\/i0.wp.com\/coralpapeleria.cl\/wp-content\/uploads\/2022\/02\/Stabilo-Boss-6.jpg?resize=350%2C200&ssl=1","width":350,"height":200},"classes":[]},{"id":605,"url":"https:\/\/coralpapeleria.cl\/index.php\/product\/destacador-boss-verde\/","url_meta":{"origin":1088,"position":4},"title":"Destacador Boss Verde","date":"11 de febrero de 2022","format":false,"excerpt":"","rel":"","context":"Entrada similar","img":{"alt_text":"","src":"https:\/\/i0.wp.com\/coralpapeleria.cl\/wp-content\/uploads\/2022\/02\/stabilo-24.jpg?resize=350%2C200&ssl=1","width":350,"height":200},"classes":[]},{"id":734,"url":"https:\/\/coralpapeleria.cl\/index.php\/product\/destacador-boss-lavanda\/","url_meta":{"origin":1088,"position":5},"title":"Destacador Boss Lavanda","date":"12 de febrero de 2022","format":false,"excerpt":"","rel":"","context":"Con 1 comentario","img":{"alt_text":"","src":"https:\/\/i0.wp.com\/coralpapeleria.cl\/wp-content\/uploads\/2022\/02\/stabilo-20.jpg?resize=350%2C200&ssl=1","width":350,"height":200},"classes":[]}],"_links":{"self":[{"href":"https:\/\/coralpapeleria.cl\/index.php\/wp-json\/wp\/v2\/product\/1088","targetHints":{"allow":["GET"]}}],"collection":[{"href":"https:\/\/coralpapeleria.cl\/index.php\/wp-json\/wp\/v2\/product"}],"about":[{"href":"https:\/\/coralpapeleria.cl\/index.php\/wp-json\/wp\/v2\/types\/product"}],"replies":[{"embeddable":true,"href":"https:\/\/coralpapeleria.cl\/index.php\/wp-json\/wp\/v2\/comments?post=1088"}],"wp:featuredmedia":[{"embeddable":true,"href":"https:\/\/coralpapeleria.cl\/index.php\/wp-json\/wp\/v2\/media\/1091"}],"wp:attachment":[{"href":"https:\/\/coralpapeleria.cl\/index.php\/wp-json\/wp\/v2\/media?parent=1088"}],"wp:term":[{"taxonomy":"product_cat","embeddable":true,"href":"https:\/\/coralpapeleria.cl\/index.php\/wp-json\/wp\/v2\/product_cat?post=1088"},{"taxonomy":"product_tag","embeddable":true,"href":"https:\/\/coralpapeleria.cl\/index.php\/wp-json\/wp\/v2\/product_tag?post=1088"}],"curies":[{"name":"wp","href":"https:\/\/api.w.org\/{rel}","templated":true}]}}