{"id":1105,"date":"2023-02-18T20:24:48","date_gmt":"2023-02-18T20:24:48","guid":{"rendered":"https:\/\/coralpapeleria.cl\/?post_type=product&#038;p=1105"},"modified":"2023-03-12T21:43:33","modified_gmt":"2023-03-12T21:43:33","slug":"goma-de-borrar-faber-castell-azul","status":"publish","type":"product","link":"https:\/\/coralpapeleria.cl\/index.php\/product\/goma-de-borrar-faber-castell-azul\/","title":{"rendered":"Goma de Borrar Faber Castell &#8211; Azul"},"content":{"rendered":"","protected":false},"excerpt":{"rendered":"","protected":false},"featured_media":1106,"comment_status":"open","ping_status":"closed","template":"","meta":{"spay_email":"","_joinchat":[]},"product_cat":[119,227],"product_tag":[115,89,228,138],"class_list":["post-1105","product","type-product","status-publish","has-post-thumbnail","hentry","product_cat-accesorios-de-oficina","product_cat-gomas-de-borrar","product_tag-azul","product_tag-faber-castell","product_tag-goma","product_tag-goma-de-borrar"],"jetpack-related-posts":[{"id":1107,"url":"https:\/\/coralpapeleria.cl\/index.php\/product\/goma-de-borrar-faber-castell-verde\/","url_meta":{"origin":1105,"position":0},"title":"Goma de Borrar Faber Castell &#8211; Verde","date":"18 de febrero de 2023","format":false,"excerpt":"","rel":"","context":"Entrada similar","img":{"alt_text":"","src":"https:\/\/i0.wp.com\/coralpapeleria.cl\/wp-content\/uploads\/2023\/02\/Diseno-sin-titulo-5.png?resize=350%2C200&ssl=1","width":350,"height":200},"classes":[]},{"id":1109,"url":"https:\/\/coralpapeleria.cl\/index.php\/product\/goma-de-borrar-faber-castell-rosa\/","url_meta":{"origin":1105,"position":1},"title":"Goma de Borrar Faber Castell &#8211; Rosa","date":"18 de febrero de 2023","format":false,"excerpt":"","rel":"","context":"Entrada similar","img":{"alt_text":"","src":"https:\/\/i0.wp.com\/coralpapeleria.cl\/wp-content\/uploads\/2023\/02\/Diseno-sin-titulo-6.png?resize=350%2C200&ssl=1","width":350,"height":200},"classes":[]},{"id":798,"url":"https:\/\/coralpapeleria.cl\/index.php\/product\/ecolapices-bicolor-faber-castell\/","url_meta":{"origin":1105,"position":2},"title":"Ecol\u00e1pices Bicolor 12","date":"4 de marzo de 2022","format":false,"excerpt":"Ecol\u00e1pices Bicolor Faber Castell. 12 l\u00e1pices +2 l\u00e1pices grafito + goma + sacapuntas.","rel":"","context":"Entrada similar","img":{"alt_text":"","src":"https:\/\/i0.wp.com\/coralpapeleria.cl\/wp-content\/uploads\/2022\/03\/productoss-7.png?resize=350%2C200&ssl=1","width":350,"height":200},"classes":[]},{"id":745,"url":"https:\/\/coralpapeleria.cl\/index.php\/product\/lapiz-faber-castell-gel-azul\/","url_meta":{"origin":1105,"position":3},"title":"L\u00e1piz Gel Azul &#8211; Faber Castell","date":"12 de febrero de 2022","format":false,"excerpt":"L\u00e1piz gel azul 0.7. Gelroller.","rel":"","context":"Entrada similar","img":{"alt_text":"","src":"https:\/\/i0.wp.com\/coralpapeleria.cl\/wp-content\/uploads\/2022\/02\/productoss-4.jpg?resize=350%2C200&ssl=1","width":350,"height":200},"classes":[]},{"id":1004,"url":"https:\/\/coralpapeleria.cl\/index.php\/product\/marcador-permanente-azul\/","url_meta":{"origin":1105,"position":4},"title":"Marcador Permanente Azul Faber Castell","date":"21 de marzo de 2022","format":false,"excerpt":"","rel":"","context":"Entrada similar","img":{"alt_text":"","src":"https:\/\/i0.wp.com\/coralpapeleria.cl\/wp-content\/uploads\/2022\/03\/lapiz-permanente-4.jpg?resize=350%2C200&ssl=1","width":350,"height":200},"classes":[]},{"id":623,"url":"https:\/\/coralpapeleria.cl\/index.php\/product\/portaminas-apollo-azul-oscuro-07mm\/","url_meta":{"origin":1105,"position":5},"title":"Portaminas Apollo Azul Oscuro 0,7 mm","date":"11 de febrero de 2022","format":false,"excerpt":"Portaminas Apollo Azul Oscuro 0,7 mm Faber Castell","rel":"","context":"Entrada similar","img":{"alt_text":"","src":"https:\/\/i0.wp.com\/coralpapeleria.cl\/wp-content\/uploads\/2022\/02\/faber-castell-2.jpg?resize=350%2C200&ssl=1","width":350,"height":200},"classes":[]}],"_links":{"self":[{"href":"https:\/\/coralpapeleria.cl\/index.php\/wp-json\/wp\/v2\/product\/1105","targetHints":{"allow":["GET"]}}],"collection":[{"href":"https:\/\/coralpapeleria.cl\/index.php\/wp-json\/wp\/v2\/product"}],"about":[{"href":"https:\/\/coralpapeleria.cl\/index.php\/wp-json\/wp\/v2\/types\/product"}],"replies":[{"embeddable":true,"href":"https:\/\/coralpapeleria.cl\/index.php\/wp-json\/wp\/v2\/comments?post=1105"}],"wp:featuredmedia":[{"embeddable":true,"href":"https:\/\/coralpapeleria.cl\/index.php\/wp-json\/wp\/v2\/media\/1106"}],"wp:attachment":[{"href":"https:\/\/coralpapeleria.cl\/index.php\/wp-json\/wp\/v2\/media?parent=1105"}],"wp:term":[{"taxonomy":"product_cat","embeddable":true,"href":"https:\/\/coralpapeleria.cl\/index.php\/wp-json\/wp\/v2\/product_cat?post=1105"},{"taxonomy":"product_tag","embeddable":true,"href":"https:\/\/coralpapeleria.cl\/index.php\/wp-json\/wp\/v2\/product_tag?post=1105"}],"curies":[{"name":"wp","href":"https:\/\/api.w.org\/{rel}","templated":true}]}}