{"id":968,"date":"2022-03-07T21:16:17","date_gmt":"2022-03-07T21:16:17","guid":{"rendered":"https:\/\/coralpapeleria.cl\/?post_type=product&#038;p=968"},"modified":"2022-03-07T21:16:17","modified_gmt":"2022-03-07T21:16:17","slug":"destacador-boss-naranjo-pastel","status":"publish","type":"product","link":"https:\/\/coralpapeleria.cl\/index.php\/product\/destacador-boss-naranjo-pastel\/","title":{"rendered":"Destacador Boss Naranjo Pastel"},"content":{"rendered":"","protected":false},"excerpt":{"rendered":"","protected":false},"featured_media":969,"comment_status":"open","ping_status":"closed","template":"","meta":{"spay_email":"","_joinchat":[]},"product_cat":[72,73],"product_tag":[82,74,139,81,76],"class_list":["post-968","product","type-product","status-publish","has-post-thumbnail","hentry","product_cat-destacadores","product_cat-stabilo","product_tag-boss","product_tag-destacador","product_tag-naranjo","product_tag-pastel","product_tag-stabilo"],"jetpack-related-posts":[{"id":1122,"url":"https:\/\/coralpapeleria.cl\/index.php\/product\/set-6-destacadores-stabilo-boss-pastel\/","url_meta":{"origin":968,"position":0},"title":"Set 6 Destacadores Stabilo Boss Pastel","date":"20 de febrero de 2023","format":false,"excerpt":"6 destacadores PASTEL BOSS en pack color menta, turquesa, rosa, amarillo, naranjo y lila para resaltar y marcar todo lo que necesites. Mayor duraci\u00f3n y rendimiento con calidad alemana.","rel":"","context":"Entrada similar","img":{"alt_text":"","src":"https:\/\/i0.wp.com\/coralpapeleria.cl\/wp-content\/uploads\/2023\/02\/Diseno-sin-titulo-16.png?resize=350%2C200&ssl=1","width":350,"height":200},"classes":[]},{"id":1088,"url":"https:\/\/coralpapeleria.cl\/index.php\/product\/set-23-destacadores-stabilo-boss\/","url_meta":{"origin":968,"position":1},"title":"Set 23 Destacadores Stabilo Boss","date":"11 de mayo de 2022","format":false,"excerpt":"Destacadores Stabilo Boss Deskset de 23 colores. La colecci\u00f3n m\u00e1s completa de Boss ya est\u00e1 aqu\u00ed, porque celebra su 50 aniversario! Para celebrar su 50 aniversario con estilo, 4 nuevos colores pastel completar\u00e1n la colecci\u00f3n en 2021: naranja p\u00e1lido, fucsia helado, azul ventoso y gris polvoriento.Incluye Deskset exclusivo para mesa.\u00a0Contiene\u2026","rel":"","context":"Entrada similar","img":{"alt_text":"","src":"https:\/\/i0.wp.com\/coralpapeleria.cl\/wp-content\/uploads\/2022\/05\/Disen\u0303o-sin-ti\u0301tulo-12.png?resize=350%2C200&ssl=1","width":350,"height":200},"classes":[]},{"id":1085,"url":"https:\/\/coralpapeleria.cl\/index.php\/product\/8-destacadores-boss-pastel-wallet\/","url_meta":{"origin":968,"position":2},"title":"8 Destacadores Boss Pastel Wallet","date":"11 de mayo de 2022","format":false,"excerpt":"Pack de 8 destacadores PASTEL BOSS para resaltar y marcar todo lo que necesites. Mayor duraci\u00f3n y rendimiento con calidad alemana.","rel":"","context":"Entrada similar","img":{"alt_text":"","src":"https:\/\/i0.wp.com\/coralpapeleria.cl\/wp-content\/uploads\/2022\/05\/Disen\u0303o-sin-ti\u0301tulo-10.png?resize=350%2C200&ssl=1","width":350,"height":200},"classes":[]},{"id":617,"url":"https:\/\/coralpapeleria.cl\/index.php\/product\/destacador-boss-mini-pastel\/","url_meta":{"origin":968,"position":3},"title":"Destacador Boss Mini Pastel","date":"11 de febrero de 2022","format":false,"excerpt":"El cl\u00e1sico STABILO BOSS en formato mini. Edici\u00f3n en modernos tonos pastel con encantadores dibujos de escritura manual. Calidad STABILO en el acabado, la tinta y el confort de escritura. Puede permanecer abierto mucho tiempo sin secarse.","rel":"","context":"Entrada similar","img":{"alt_text":"","src":"https:\/\/i0.wp.com\/coralpapeleria.cl\/wp-content\/uploads\/2022\/02\/Stabilo-Boss-6.jpg?resize=350%2C200&ssl=1","width":350,"height":200},"classes":[]},{"id":601,"url":"https:\/\/coralpapeleria.cl\/index.php\/product\/destacador-boss-amarillo-pastel\/","url_meta":{"origin":968,"position":4},"title":"Destacador Boss Amarillo Pastel","date":"11 de febrero de 2022","format":false,"excerpt":"","rel":"","context":"Entrada similar","img":{"alt_text":"","src":"https:\/\/i0.wp.com\/coralpapeleria.cl\/wp-content\/uploads\/2022\/02\/stabilo-28.jpg?resize=350%2C200&ssl=1","width":350,"height":200},"classes":[]},{"id":603,"url":"https:\/\/coralpapeleria.cl\/index.php\/product\/destacador-boss-rosado-pastel\/","url_meta":{"origin":968,"position":5},"title":"Destacador Boss Rosado Pastel","date":"11 de febrero de 2022","format":false,"excerpt":"","rel":"","context":"Entrada similar","img":{"alt_text":"","src":"https:\/\/i0.wp.com\/coralpapeleria.cl\/wp-content\/uploads\/2022\/02\/stabilo-26.jpg?resize=350%2C200&ssl=1","width":350,"height":200},"classes":[]}],"_links":{"self":[{"href":"https:\/\/coralpapeleria.cl\/index.php\/wp-json\/wp\/v2\/product\/968","targetHints":{"allow":["GET"]}}],"collection":[{"href":"https:\/\/coralpapeleria.cl\/index.php\/wp-json\/wp\/v2\/product"}],"about":[{"href":"https:\/\/coralpapeleria.cl\/index.php\/wp-json\/wp\/v2\/types\/product"}],"replies":[{"embeddable":true,"href":"https:\/\/coralpapeleria.cl\/index.php\/wp-json\/wp\/v2\/comments?post=968"}],"wp:featuredmedia":[{"embeddable":true,"href":"https:\/\/coralpapeleria.cl\/index.php\/wp-json\/wp\/v2\/media\/969"}],"wp:attachment":[{"href":"https:\/\/coralpapeleria.cl\/index.php\/wp-json\/wp\/v2\/media?parent=968"}],"wp:term":[{"taxonomy":"product_cat","embeddable":true,"href":"https:\/\/coralpapeleria.cl\/index.php\/wp-json\/wp\/v2\/product_cat?post=968"},{"taxonomy":"product_tag","embeddable":true,"href":"https:\/\/coralpapeleria.cl\/index.php\/wp-json\/wp\/v2\/product_tag?post=968"}],"curies":[{"name":"wp","href":"https:\/\/api.w.org\/{rel}","templated":true}]}}